{"id":822,"date":"2020-02-15T19:45:30","date_gmt":"2020-02-15T19:45:30","guid":{"rendered":"https:\/\/www.orgelvereinzw.ch\/?page_id=822"},"modified":"2020-02-23T08:57:03","modified_gmt":"2020-02-23T08:57:03","slug":"eine-orgel-fuer-den-musikunterricht","status":"publish","type":"page","link":"https:\/\/www.orgelvereinzw.ch\/index.php\/eine-orgel-fuer-den-musikunterricht\/","title":{"rendered":"Eine Orgel f\u00fcr den Musikunterricht"},"content":{"rendered":"<p>Anfang Februar 2018 fand in Waldshut eine durch die <strong><a href=\"https:\/\/www.gdo.de\/\" target=\"_blank\" rel=\"noopener noreferrer\">GdO (Gesellschaft der Orgelfreunde)<\/a><\/strong> organisierte 2-t\u00e4gige internationale Tagung unter dem sch\u00f6nen Titel<\/p>\n<p><em>Zukunftswerkstatt Musikp\u00e4dagogik und Orgel<\/em><\/p>\n<p>statt. Dabei wurde insbesondere die schwierige Situation im Bereich der Ausbildung des Nachwuchses im Organistenbereich beleuchtet. Es blieb aber nicht dabei, einfach die Situation zu beleuchten, sondern Musikp\u00e4dagoginnen und \u2013p\u00e4dagogen sowie Orgelbauer gaben den Teilnehmern ganz konkrete Mittel an die Hand, dieser Situation wirksam entgegenzutreten. Im Bereich der Ausbildung wurde eine ganze Palette an Orgelschulen vorgestellt und ganz konkret verst\u00e4ndlich gemacht, wie Orgelvorf\u00fchrungen f\u00fcr Kinder erfolgreich gestaltet werden k\u00f6nnen. Und im Bereich des Orgelbaus wurde den Teilnehmern aufgezeigt, was f\u00fcr Instrumente f\u00fcr den Unterricht geeignet sind, und wo solche Instrumente am besten platziert werden sollten.<\/p>\n<p><a href=\"https:\/\/www.orgelvereinzw.ch\/wp-content\/uploads\/2018\/12\/IMG_9892-e1581797962456.jpg\"><img loading=\"lazy\" decoding=\"async\" class=\"wp-image-532  alignright\" src=\"https:\/\/www.orgelvereinzw.ch\/wp-content\/uploads\/2018\/12\/IMG_9892-e1581797962456-300x191.jpg\" alt=\"\" width=\"440\" height=\"280\" srcset=\"https:\/\/www.orgelvereinzw.ch\/wp-content\/uploads\/2018\/12\/IMG_9892-e1581797962456-300x191.jpg 300w, https:\/\/www.orgelvereinzw.ch\/wp-content\/uploads\/2018\/12\/IMG_9892-e1581797962456-768x490.jpg 768w, https:\/\/www.orgelvereinzw.ch\/wp-content\/uploads\/2018\/12\/IMG_9892-e1581797962456-1024x653.jpg 1024w, https:\/\/www.orgelvereinzw.ch\/wp-content\/uploads\/2018\/12\/IMG_9892-e1581797962456-1536x979.jpg 1536w, https:\/\/www.orgelvereinzw.ch\/wp-content\/uploads\/2018\/12\/IMG_9892-e1581797962456-2048x1306.jpg 2048w\" sizes=\"auto, (max-width: 440px) 100vw, 440px\" \/><\/a>Es darf als ganz gl\u00fccklicher Zufall bezeichnet werden, dass die <strong><a href=\"https:\/\/www.erni-orgelbau.ch\/\" target=\"_blank\" rel=\"noopener noreferrer\">Orgelbaufirma Erni AG<\/a><\/strong> aus Stans genau ab Februar 2018 eine im Jahr 2004 gebaute Orgel zum Occasionsverkauf ausgeschrieben hat, die exakt die Anforderungen an ein gutes \u00dcbinstrument erf\u00fcllt.<\/p>\n<p>Nach einigen Abkl\u00e4rungen konnte das Instrument im Juni 2018 mit Unterst\u00fctzung des Alters- und Pflegezentrums Stammertal in Oberstammheim und der reformierten Kirchgemeinde Stammheim mit Standort im Mehrzwecksaal des Alterszentrums f\u00fcr eine Testphase angemietet werden.<\/p>\n<p>Die Testphase verlief erfolgreich, die Musikschule Andelfingen bzw. deren Lehrer konnten das Instrument sofort n\u00fctzen. Geplant gewesen w\u00e4re auch eine weitere Nutzung durch das Alters- und Pflegezentrum bzw. deren Bewohner sowie durch die Kirchgemeinde. So h\u00e4tten die Mietkosten f\u00fcr den Saal aufgebracht bzw. abgegolten werden k\u00f6nnen. Dies hat sich dann aber als nicht realisierbar erwiesen, so dass die Suche nach einem neuen Standort begann. Gl\u00fccklicherweise konnte dieser rasch in der nur wenige Meter vom Alterszentrum entfernten katholischen Kirche gefunden werden. Dort k\u00f6nnen grossz\u00fcgige Ben\u00fctzungszeiten angeboten werden und durch die N\u00e4he zur Busstation war auch die gleich gute Erreichbarkeit gew\u00e4hrleistet. Zudem wollte es der gl\u00fcckliche Zufall, dass die Gr\u00f6sse der Kirche mit der Gr\u00f6sse des Instrumentes in guter \u00dcbereinstimmung steht und sich das weisse Geh\u00e4use der Orgel wunderbar in die Gestaltung des Kirchenraumes einf\u00fcgt. Dem zust\u00e4ndigen Kirchenmusikerfiel es unter all diesen Umst\u00e4nden sehr leicht, sich von einer 3-manualigen Digital Orgel mit fast 60 Registern zu trennen. Diese Orgel konnte dann Ende 2019 zu g\u00fcnstigen Konditionen an einen Musikstudenten aus der Westschweiz verkauft werden, der sie als Hausorgel f\u00fcr sein Studium bestens nutzen kann.<\/p>\n<p><a href=\"https:\/\/www.orgelvereinzw.ch\/wp-content\/uploads\/2018\/11\/IMG_1330.jpg\"><img loading=\"lazy\" decoding=\"async\" class=\"alignleft size-medium wp-image-309\" src=\"https:\/\/www.orgelvereinzw.ch\/wp-content\/uploads\/2018\/11\/IMG_1330-300x225.jpg\" alt=\"\" width=\"300\" height=\"225\" srcset=\"https:\/\/www.orgelvereinzw.ch\/wp-content\/uploads\/2018\/11\/IMG_1330-300x225.jpg 300w, https:\/\/www.orgelvereinzw.ch\/wp-content\/uploads\/2018\/11\/IMG_1330-768x576.jpg 768w, https:\/\/www.orgelvereinzw.ch\/wp-content\/uploads\/2018\/11\/IMG_1330-1024x768.jpg 1024w\" sizes=\"auto, (max-width: 300px) 100vw, 300px\" \/><\/a>Nun begann die eigentliche Herausforderung, denn das Instrument sollte nicht mehr nur gemietet werden, sondern k\u00e4uflich erworben werden. Der Kaufpreis lag bei rund CHF 50\u2018000.00 und es wurde vereinbart, dass der Kauf zustande kommt, wenn seitens des Orgelvereins bis Mitte 2019 Spenden in der H\u00f6he von CHF 15\u2018000.00 beigebracht werden und die katholische Kirche den Restbetrag in ihr Budget 2020 aufnehmen und die Zahlung per Ende Januar 2020 erfolgen kann.<\/p>\n<p>Der Orgelverein begann umgehend mit der Suche nach Sponsoren und konnte erfreulicherweise bald auf die zahlreichen Unterst\u00fctzungen von Privatpersonen und Institutionen z\u00e4hlen. An der Orgel selber wird im Laufe des Jahres 2020 eine entsprechende Tafel angebracht. Wir werden \u00fcber diesen Anlass berichten und nennen dann die Namen der Sponsoren, die dies gew\u00fcnscht haben. Besonderen Dank gilt an dieser Stelle einem Mitglied des Orgelvereins, der die Idee eines Spendenspiels in die Tat umsetzte, was einen Ertrag von rund CHF 5\u2018000.00 einbrachte. So konnten nebst dem Kaufpreis der Orgel auch die entstandenen Kosten f\u00fcr die Lieferung, Umzug von Alters- und Pflegezentrum in die katholische Kirche <strong><a href=\"https:\/\/www.orgelvereinzw.ch\/index.php\/umzug-unterrichtsorgel\/\">(siehe Bilder unter der Rubrik Umzug)<\/a><\/strong> und Intonierung gedeckt werden.<\/p>\n<p>Nun beginnt der Alltag mit dieser sch\u00f6nen Orgel <strong><a href=\"https:\/\/www.orgelvereinzw.ch\/index.php\/klangbeispiele\/\">(h\u00f6ren Sie auch die Klangbeispiele)<\/a><\/strong> und der Verein wird k\u00fcnftig die j\u00e4hrlichen Kosten f\u00fcr die Stimmung der Orgel tragen und die katholische Kirche stellt die Kirche fast uneingeschr\u00e4nkt und unentgeltlich f\u00fcr \u00dcb- und Orgelstunden zur Verf\u00fcgung. Den Verantwortlichen der katholischen Kirchgemeinde und ihrem Kirchenmusiker, Roberto Alfar\u00e9, sei an dieser Stelle ein ganz herzliches Dankesch\u00f6n ausgesprochen f\u00fcr die tolle Zusammenarbeit, die dieses Projekt m\u00f6glich machte.<\/p>\n<p><a href=\"https:\/\/www.orgelvereinzw.ch\/wp-content\/uploads\/2018\/12\/IMG_9883.jpg\"><img loading=\"lazy\" decoding=\"async\" class=\" wp-image-460 alignright\" src=\"https:\/\/www.orgelvereinzw.ch\/wp-content\/uploads\/2018\/12\/IMG_9883-300x225.jpg\" alt=\"\" width=\"237\" height=\"178\" srcset=\"https:\/\/www.orgelvereinzw.ch\/wp-content\/uploads\/2018\/12\/IMG_9883-300x225.jpg 300w, https:\/\/www.orgelvereinzw.ch\/wp-content\/uploads\/2018\/12\/IMG_9883-768x576.jpg 768w, https:\/\/www.orgelvereinzw.ch\/wp-content\/uploads\/2018\/12\/IMG_9883-1024x768.jpg 1024w\" sizes=\"auto, (max-width: 237px) 100vw, 237px\" \/><\/a>Die Erni-Orgel mit Baujahr 2004 verf\u00fcgt \u00fcber 2 Manuale und Pedal. Ihre Register sind:<\/p>\n<ul>\n<li>Manual 1: \u00a0Rohrfl\u00f6te 8\u2018, Prinzipal 4\u2018, Quinte 2 2\/3\u2018<\/li>\n<li>Manual 2: Gedackt 8\u2018, Spitzfl\u00f6te 4\u2018, Principal 2\u2018<\/li>\n<li>Pedal: Subbass 16\u2018<\/li>\n<li>Mechanik: Traktur und Registertraktur rein mechanisch<\/li>\n<li>Koppeln: II-I, I-P, II-P<\/li>\n<\/ul>\n","protected":false},"excerpt":{"rendered":"<p>Anfang Februar 2018 fand in Waldshut eine durch die GdO (Gesellschaft der Orgelfreunde) organisierte 2-t\u00e4gige internationale Tagung unter dem sch\u00f6nen Titel Zukunftswerkstatt Musikp\u00e4dagogik und Orgel statt. Dabei wurde insbesondere die schwierige Situation im Bereich der Ausbildung des Nachwuchses im Organistenbereich beleuchtet. Es blieb aber nicht dabei, einfach die Situation zu beleuchten, sondern Musikp\u00e4dagoginnen und \u2013p\u00e4dagogen &#8230; <a title=\"Eine Orgel f\u00fcr den Musikunterricht\" class=\"read-more\" href=\"https:\/\/www.orgelvereinzw.ch\/index.php\/eine-orgel-fuer-den-musikunterricht\/\" aria-label=\"Read more about Eine Orgel f\u00fcr den Musikunterricht\">mehr lesen<\/a><\/p>\n","protected":false},"author":1,"featured_media":0,"parent":0,"menu_order":0,"comment_status":"closed","ping_status":"closed","template":"","meta":{"_coblocks_attr":"","_coblocks_dimensions":"","_coblocks_responsive_height":"","_coblocks_accordion_ie_support":"","footnotes":""},"class_list":["post-822","page","type-page","status-publish"],"_links":{"self":[{"href":"https:\/\/www.orgelvereinzw.ch\/index.php\/wp-json\/wp\/v2\/pages\/822","targetHints":{"allow":["GET"]}}],"collection":[{"href":"https:\/\/www.orgelvereinzw.ch\/index.php\/wp-json\/wp\/v2\/pages"}],"about":[{"href":"https:\/\/www.orgelvereinzw.ch\/index.php\/wp-json\/wp\/v2\/types\/page"}],"author":[{"embeddable":true,"href":"https:\/\/www.orgelvereinzw.ch\/index.php\/wp-json\/wp\/v2\/users\/1"}],"replies":[{"embeddable":true,"href":"https:\/\/www.orgelvereinzw.ch\/index.php\/wp-json\/wp\/v2\/comments?post=822"}],"version-history":[{"count":23,"href":"https:\/\/www.orgelvereinzw.ch\/index.php\/wp-json\/wp\/v2\/pages\/822\/revisions"}],"predecessor-version":[{"id":878,"href":"https:\/\/www.orgelvereinzw.ch\/index.php\/wp-json\/wp\/v2\/pages\/822\/revisions\/878"}],"wp:attachment":[{"href":"https:\/\/www.orgelvereinzw.ch\/index.php\/wp-json\/wp\/v2\/media?parent=822"}],"curies":[{"name":"wp","href":"https:\/\/api.w.org\/{rel}","templated":true}]}}

Eine Orgel für den Musikunterricht

<p>Anfang Februar 2018 fand in Waldshut eine durch die <strong><a href="https://www.gdo.de/" target="_blank" rel="noopener noreferrer">GdO (Gesellschaft der Orgelfreunde)</a></strong> organisierte 2-tägige internationale Tagung unter dem schönen Titel</p>
<p><em>Zukunftswerkstatt Musikpädagogik und Orgel</em></p>
<p>statt. Dabei wurde insbesondere die schwierige Situation im Bereich der Ausbildung des Nachwuchses im Organistenbereich beleuchtet. Es blieb aber nicht dabei, einfach die Situation zu beleuchten, sondern Musikpädagoginnen und –pädagogen sowie Orgelbauer gaben den Teilnehmern ganz konkrete Mittel an die Hand, dieser Situation wirksam entgegenzutreten. Im Bereich der Ausbildung wurde eine ganze Palette an Orgelschulen vorgestellt und ganz konkret verständlich gemacht, wie Orgelvorführungen für Kinder erfolgreich gestaltet werden können. Und im Bereich des Orgelbaus wurde den Teilnehmern aufgezeigt, was für Instrumente für den Unterricht geeignet sind, und wo solche Instrumente am besten platziert werden sollten.</p>
<p><a href="https://www.orgelvereinzw.ch/wp-content/uploads/2018/12/IMG_9892-e1581797962456.jpg"><img loading="lazy" decoding="async" class="wp-image-532  alignright" src="https://www.orgelvereinzw.ch/wp-content/uploads/2018/12/IMG_9892-e1581797962456-300x191.jpg" alt="" width="440" height="280" srcset="https://www.orgelvereinzw.ch/wp-content/uploads/2018/12/IMG_9892-e1581797962456-300x191.jpg 300w, https://www.orgelvereinzw.ch/wp-content/uploads/2018/12/IMG_9892-e1581797962456-768x490.jpg 768w, https://www.orgelvereinzw.ch/wp-content/uploads/2018/12/IMG_9892-e1581797962456-1024x653.jpg 1024w, https://www.orgelvereinzw.ch/wp-content/uploads/2018/12/IMG_9892-e1581797962456-1536x979.jpg 1536w, https://www.orgelvereinzw.ch/wp-content/uploads/2018/12/IMG_9892-e1581797962456-2048x1306.jpg 2048w" sizes="auto, (max-width: 440px) 100vw, 440px" /></a>Es darf als ganz glücklicher Zufall bezeichnet werden, dass die <strong><a href="https://www.erni-orgelbau.ch/" target="_blank" rel="noopener noreferrer">Orgelbaufirma Erni AG</a></strong> aus Stans genau ab Februar 2018 eine im Jahr 2004 gebaute Orgel zum Occasionsverkauf ausgeschrieben hat, die exakt die Anforderungen an ein gutes Übinstrument erfüllt.</p>
<p>Nach einigen Abklärungen konnte das Instrument im Juni 2018 mit Unterstützung des Alters- und Pflegezentrums Stammertal in Oberstammheim und der reformierten Kirchgemeinde Stammheim mit Standort im Mehrzwecksaal des Alterszentrums für eine Testphase angemietet werden.</p>
<p>Die Testphase verlief erfolgreich, die Musikschule Andelfingen bzw. deren Lehrer konnten das Instrument sofort nützen. Geplant gewesen wäre auch eine weitere Nutzung durch das Alters- und Pflegezentrum bzw. deren Bewohner sowie durch die Kirchgemeinde. So hätten die Mietkosten für den Saal aufgebracht bzw. abgegolten werden können. Dies hat sich dann aber als nicht realisierbar erwiesen, so dass die Suche nach einem neuen Standort begann. Glücklicherweise konnte dieser rasch in der nur wenige Meter vom Alterszentrum entfernten katholischen Kirche gefunden werden. Dort können grosszügige Benützungszeiten angeboten werden und durch die Nähe zur Busstation war auch die gleich gute Erreichbarkeit gewährleistet. Zudem wollte es der glückliche Zufall, dass die Grösse der Kirche mit der Grösse des Instrumentes in guter Übereinstimmung steht und sich das weisse Gehäuse der Orgel wunderbar in die Gestaltung des Kirchenraumes einfügt. Dem zuständigen Kirchenmusikerfiel es unter all diesen Umständen sehr leicht, sich von einer 3-manualigen Digital Orgel mit fast 60 Registern zu trennen. Diese Orgel konnte dann Ende 2019 zu günstigen Konditionen an einen Musikstudenten aus der Westschweiz verkauft werden, der sie als Hausorgel für sein Studium bestens nutzen kann.</p>
<p><a href="https://www.orgelvereinzw.ch/wp-content/uploads/2018/11/IMG_1330.jpg"><img loading="lazy" decoding="async" class="alignleft size-medium wp-image-309" src="https://www.orgelvereinzw.ch/wp-content/uploads/2018/11/IMG_1330-300x225.jpg" alt="" width="300" height="225" srcset="https://www.orgelvereinzw.ch/wp-content/uploads/2018/11/IMG_1330-300x225.jpg 300w, https://www.orgelvereinzw.ch/wp-content/uploads/2018/11/IMG_1330-768x576.jpg 768w, https://www.orgelvereinzw.ch/wp-content/uploads/2018/11/IMG_1330-1024x768.jpg 1024w" sizes="auto, (max-width: 300px) 100vw, 300px" /></a>Nun begann die eigentliche Herausforderung, denn das Instrument sollte nicht mehr nur gemietet werden, sondern käuflich erworben werden. Der Kaufpreis lag bei rund CHF 50‘000.00 und es wurde vereinbart, dass der Kauf zustande kommt, wenn seitens des Orgelvereins bis Mitte 2019 Spenden in der Höhe von CHF 15‘000.00 beigebracht werden und die katholische Kirche den Restbetrag in ihr Budget 2020 aufnehmen und die Zahlung per Ende Januar 2020 erfolgen kann.</p>
<p>Der Orgelverein begann umgehend mit der Suche nach Sponsoren und konnte erfreulicherweise bald auf die zahlreichen Unterstützungen von Privatpersonen und Institutionen zählen. An der Orgel selber wird im Laufe des Jahres 2020 eine entsprechende Tafel angebracht. Wir werden über diesen Anlass berichten und nennen dann die Namen der Sponsoren, die dies gewünscht haben. Besonderen Dank gilt an dieser Stelle einem Mitglied des Orgelvereins, der die Idee eines Spendenspiels in die Tat umsetzte, was einen Ertrag von rund CHF 5‘000.00 einbrachte. So konnten nebst dem Kaufpreis der Orgel auch die entstandenen Kosten für die Lieferung, Umzug von Alters- und Pflegezentrum in die katholische Kirche <strong><a href="https://www.orgelvereinzw.ch/index.php/umzug-unterrichtsorgel/">(siehe Bilder unter der Rubrik Umzug)</a></strong> und Intonierung gedeckt werden.</p>
<p>Nun beginnt der Alltag mit dieser schönen Orgel <strong><a href="https://www.orgelvereinzw.ch/index.php/klangbeispiele/">(hören Sie auch die Klangbeispiele)</a></strong> und der Verein wird künftig die jährlichen Kosten für die Stimmung der Orgel tragen und die katholische Kirche stellt die Kirche fast uneingeschränkt und unentgeltlich für Üb- und Orgelstunden zur Verfügung. Den Verantwortlichen der katholischen Kirchgemeinde und ihrem Kirchenmusiker, Roberto Alfaré, sei an dieser Stelle ein ganz herzliches Dankeschön ausgesprochen für die tolle Zusammenarbeit, die dieses Projekt möglich machte.</p>
<p><a href="https://www.orgelvereinzw.ch/wp-content/uploads/2018/12/IMG_9883.jpg"><img loading="lazy" decoding="async" class=" wp-image-460 alignright" src="https://www.orgelvereinzw.ch/wp-content/uploads/2018/12/IMG_9883-300x225.jpg" alt="" width="237" height="178" srcset="https://www.orgelvereinzw.ch/wp-content/uploads/2018/12/IMG_9883-300x225.jpg 300w, https://www.orgelvereinzw.ch/wp-content/uploads/2018/12/IMG_9883-768x576.jpg 768w, https://www.orgelvereinzw.ch/wp-content/uploads/2018/12/IMG_9883-1024x768.jpg 1024w" sizes="auto, (max-width: 237px) 100vw, 237px" /></a>Die Erni-Orgel mit Baujahr 2004 verfügt über 2 Manuale und Pedal. Ihre Register sind:</p>
<ul>
<li>Manual 1:  Rohrflöte 8‘, Prinzipal 4‘, Quinte 2 2/3‘</li>
<li>Manual 2: Gedackt 8‘, Spitzflöte 4‘, Principal 2‘</li>
<li>Pedal: Subbass 16‘</li>
<li>Mechanik: Traktur und Registertraktur rein mechanisch</li>
<li>Koppeln: II-I, I-P, II-P</li>
</ul>

<p>Anfang Februar 2018 fand in Waldshut eine durch die GdO (Gesellschaft der Orgelfreunde) organisierte 2-tägige internationale Tagung unter dem schönen Titel Zukunftswerkstatt Musikpädagogik und Orgel statt. Dabei wurde insbesondere die schwierige Situation im Bereich der Ausbildung des Nachwuchses im Organistenbereich beleuchtet. Es blieb aber nicht dabei, einfach die Situation zu beleuchten, sondern Musikpädagoginnen und –pädagogen &#8230; <a title="Eine Orgel für den Musikunterricht" class="read-more" href="https://www.orgelvereinzw.ch/index.php/eine-orgel-fuer-den-musikunterricht/" aria-label="Read more about Eine Orgel für den Musikunterricht">mehr lesen</a></p>
