{"id":45,"date":"2018-09-24T18:34:12","date_gmt":"2018-09-24T18:34:12","guid":{"rendered":"http:\/\/www.orgelvereinzw.ch\/?page_id=45"},"modified":"2025-12-16T10:23:38","modified_gmt":"2025-12-16T10:23:38","slug":"startseite","status":"publish","type":"page","link":"https:\/\/www.orgelvereinzw.ch\/","title":{"rendered":"Startseite"},"content":{"rendered":"<h2 style=\"text-align: justify;\"><strong>Herzlich Willkommen<\/strong><\/h2>\n<p style=\"text-align: justify;\">Der Verein zur F\u00f6rderung von Orgeln und Orgelunterricht im Z\u00fcrcher Weinland hat sich folgende Schwerpunkte gesetzt:<\/p>\n<ul style=\"text-align: justify;\">\n<li>F\u00f6rderung des von \u00f6rtlichen Musikschulen angebotenen Orgelunterrichts durch langfristige zur Verf\u00fcgungstellung eines f\u00fcr den Orgelunterricht geeigneten und gut zug\u00e4nglichen Instrumentes.<\/li>\n<li>Finanzielle Unterst\u00fctzung sowie Beratung der Musikschulen, \u00f6rtlicher Schulen, Organisten und Kirchgemeinden bei der Durchf\u00fchrung von Info Anl\u00e4ssen rund um die Orgel an Instrumenten-Vorf\u00fchrtagen, in Kinderg\u00e4rten, Schulen oder Kirchen.<\/li>\n<li>Beratung von Schulen, Eltern und Kirchgemeinden bei Fragen rund um die Anschaffung von \u00dcb- oder Hausorgeln.<\/li>\n<li>Finanzielle Unterst\u00fctzung und F\u00f6rderung bei der Errichtung oder Erhaltung von gut zug\u00e4nglichen Notenbibliotheken sowie Beratung bei Fragen \u00fcber die Erhaltensw\u00fcrdigkeit von Notenmaterial.<\/li>\n<li>F\u00f6rderung des Bekanntheitsgrades von Instrumenten die mit der Orgel verwandt sind, namentlich Drehorgeln, Karussells, Harmonien oder einzelner Kuriosit\u00e4ten.<\/li>\n<\/ul>\n<p style=\"text-align: justify;\">Mitglieder des Vereins erhalten regelm\u00e4ssige Informationen zu Konzertveranstaltungen der Musikschulen und erweiterten Zugriff zu Informationen auf der Website des Vereins. Zudem wird jeweils anl\u00e4sslich der j\u00e4hrlich stattfindenden Generalversammlung ein kleines Konzert f\u00fcr die Mitglieder durchgef\u00fchrt.<\/p>\n<p style=\"text-align: justify;\">Mitglied werden Sie durch das Ausf\u00fcllen unseres <strong><a href=\"https:\/\/www.orgelvereinzw.ch\/index.php\/kontakt\/\">Kontaktformulars<\/a><\/strong>\u00a0und die anschliessende Einzahlung des Jahresbeitrags von CHF 30.00 f\u00fcr Privatpersonen oder CHF 100.00 f\u00fcr Firmen und Institutionen. Falls sie keine l\u00e4ngerfristigen Verpflichtungen eingehen m\u00f6chten, freuen wir uns auch sehr \u00fcber Spenden. Unsere Bankverbindung finden Sie auf der Seite\u00a0<strong><a href=\"https:\/\/www.orgelvereinzw.ch\/index.php\/kontakt\/\">Kontakt<\/a><\/strong>. Die Mitgliedschaft kann selbstverst\u00e4ndlich jederzeit aufgehoben werden.<\/p>\n","protected":false},"excerpt":{"rendered":"<p>Herzlich Willkommen Der Verein zur F\u00f6rderung von Orgeln und Orgelunterricht im Z\u00fcrcher Weinland hat sich folgende Schwerpunkte gesetzt: F\u00f6rderung des von \u00f6rtlichen Musikschulen angebotenen Orgelunterrichts durch langfristige zur Verf\u00fcgungstellung eines f\u00fcr den Orgelunterricht geeigneten und gut zug\u00e4nglichen Instrumentes. Finanzielle Unterst\u00fctzung sowie Beratung der Musikschulen, \u00f6rtlicher Schulen, Organisten und Kirchgemeinden bei der Durchf\u00fchrung von Info Anl\u00e4ssen &#8230; <a title=\"Startseite\" class=\"read-more\" href=\"https:\/\/www.orgelvereinzw.ch\/\" aria-label=\"Read more about Startseite\">mehr lesen<\/a><\/p>\n","protected":false},"author":1,"featured_media":0,"parent":0,"menu_order":0,"comment_status":"closed","ping_status":"closed","template":"","meta":{"_coblocks_attr":"","_coblocks_dimensions":"","_coblocks_responsive_height":"","_coblocks_accordion_ie_support":"","footnotes":""},"class_list":["post-45","page","type-page","status-publish"],"_links":{"self":[{"href":"https:\/\/www.orgelvereinzw.ch\/index.php\/wp-json\/wp\/v2\/pages\/45","targetHints":{"allow":["GET"]}}],"collection":[{"href":"https:\/\/www.orgelvereinzw.ch\/index.php\/wp-json\/wp\/v2\/pages"}],"about":[{"href":"https:\/\/www.orgelvereinzw.ch\/index.php\/wp-json\/wp\/v2\/types\/page"}],"author":[{"embeddable":true,"href":"https:\/\/www.orgelvereinzw.ch\/index.php\/wp-json\/wp\/v2\/users\/1"}],"replies":[{"embeddable":true,"href":"https:\/\/www.orgelvereinzw.ch\/index.php\/wp-json\/wp\/v2\/comments?post=45"}],"version-history":[{"count":19,"href":"https:\/\/www.orgelvereinzw.ch\/index.php\/wp-json\/wp\/v2\/pages\/45\/revisions"}],"predecessor-version":[{"id":1223,"href":"https:\/\/www.orgelvereinzw.ch\/index.php\/wp-json\/wp\/v2\/pages\/45\/revisions\/1223"}],"wp:attachment":[{"href":"https:\/\/www.orgelvereinzw.ch\/index.php\/wp-json\/wp\/v2\/media?parent=45"}],"curies":[{"name":"wp","href":"https:\/\/api.w.org\/{rel}","templated":true}]}}