{"id":379,"date":"2018-12-07T14:33:11","date_gmt":"2018-12-07T14:33:11","guid":{"rendered":"https:\/\/www.orgelvereinzw.ch\/?page_id=379"},"modified":"2025-01-13T12:47:17","modified_gmt":"2025-01-13T12:47:17","slug":"unterrichtsorgel","status":"publish","type":"page","link":"https:\/\/www.orgelvereinzw.ch\/index.php\/unterrichtsorgel\/","title":{"rendered":"Unterrichtsorgel"},"content":{"rendered":"\n<h2 class=\"wp-block-heading\"><strong>Eine Orgel f\u00fcr den Musikunterricht<\/strong><\/h2>\n\n\n<div class=\"wp-block-image\">\n<figure class=\"alignright is-resized\"><a href=\"https:\/\/www.orgelvereinzw.ch\/wp-content\/uploads\/2018\/11\/IMG_1318-e1541246977934.jpg\"><img loading=\"lazy\" decoding=\"async\" width=\"761\" height=\"1024\" src=\"https:\/\/www.orgelvereinzw.ch\/wp-content\/uploads\/2018\/11\/IMG_1318-e1541246977934-761x1024.jpg\" alt=\"\" class=\"wp-image-301\" style=\"width:282px;height:379px\" srcset=\"https:\/\/www.orgelvereinzw.ch\/wp-content\/uploads\/2018\/11\/IMG_1318-e1541246977934-761x1024.jpg 761w, https:\/\/www.orgelvereinzw.ch\/wp-content\/uploads\/2018\/11\/IMG_1318-e1541246977934-223x300.jpg 223w, https:\/\/www.orgelvereinzw.ch\/wp-content\/uploads\/2018\/11\/IMG_1318-e1541246977934-768x1033.jpg 768w\" sizes=\"auto, (max-width: 761px) 100vw, 761px\" \/><\/a><\/figure><\/div>\n\n\n<p>Es ist einer im Jahr 2004 durch den Orgelbauer Erwin Erni erbauten Hausorgel zu verdanken, dass der Orgelverein Z\u00fcrcher Weinland im Jahr 2018 gegr\u00fcndet wurde. Die Orgel war w\u00e4hrend einiger Jahre an verschiedenen Orten mietweise im Einsatz und da sie sich durch ihre 2-manualige Anlage als \u00e4usserst geeignet f\u00fcr den Musikunterricht auszeichnete, entstand die Idee, daf\u00fcr einen Verein zu gr\u00fcnden und sie im Einzugsraum der Musikschule Andelfingen einzusetzen. Unmittelbar nach der Gr\u00fcndung des Vereins wurde sie angemietet und zun\u00e4chst f\u00fcr eine Testphase in der Aula des Alters- und Pflegezentrums Stammertal (APZ) aufgestellt. Die Testphase verlief sehr erfolgreich, das Instrument bew\u00e4hrte sich und ebenfalls bew\u00e4hrte sich der Ort, unweit der Bushaltestelle \u00abOberstammheim, Post\u00bb.<\/p>\n\n\n\n<p>Nun sollte die Nutzung des Instrumentes langfristig sichergestellt werden. Es ist einem gl\u00fccklichen Umstand zu verdanken, dass sich ganz in der N\u00e4he die katholische Kirche befindet, die zu diesem Zeitpunkt nur \u00fcber ein elektronisches Instrument verf\u00fcgte, das dem dortigen Kirchenmusiker und der Gemeinde nie so richtig Freude bereitete. Nun legte der Orgelbauer eine Kaufofferte \u00fcber rund CHF 50\u2018000 vor. Dem Orgelverein gelang es, mit einer Spendenaktion rund CHF 20\u2018000 aufzubringen und die katholische Kirche brachte den Restbetrag auf, sodass das Instrument gekauft werden konnte und in einem spektakul\u00e4ren <strong><a href=\"https:\/\/www.orgelvereinzw.ch\/index.php\/umzug-unterrichtsorgel\/\" data-type=\"page\" data-id=\"534\">Umzug<\/a><\/strong> vom APZ in die Kirche umgesiedelt werden konnte, wo der Orgelbauer sie neu intonierte.<\/p>\n\n\n\n<p>Mit ihrem weissen Geh\u00e4use passt sie ausgezeichnet in die kurz vor ihrem Umzug frisch renovierte Kirche. Klanglich war es auch ein Gl\u00fccksfall. Aufgrund der f\u00fcr die Kirchengr\u00f6sse genau passenden Orgelgr\u00f6sse, waren keinerlei Ver\u00e4nderungen an der Disposition der Orgel n\u00f6tig. \u00dcberzeugen Sie sich von dem wunderbaren Klang der Orgel durch einige <strong><a href=\"https:\/\/www.orgelvereinzw.ch\/index.php\/klangbeispiele\/\" data-type=\"page\" data-id=\"374\">Klangbeispiele<\/a><\/strong>, aufgenommen unmittelbar nach dem Umzug der Orgel.<\/p>\n\n\n\n<p>Nach dem Kauf der Orgel mit den Mitteln der Kirche und des Vereins wurde vereinbart, dass die Orgel ganz in den Besitz der Kirche \u00fcbergeht. Die wenig benutzte Kirche gew\u00e4hrt dem Verein aber eine umfassende Nutzung, so dass der Musikunterricht flexibel m\u00f6glich ist, und die Orgel auch zum \u00fcben fast ohne zeitliche Einschr\u00e4nkungen zur Verf\u00fcgung steht. Davon k\u00f6nnen auch Mitglieder des Vereins oder interessierte Drittpersonen profitieren. Die Nutzung der Orgel ist f\u00fcr Vereinsmitglieder kostenlos. Eine vorherige Kontaktaufnahme per Mail oder via unser <strong><a href=\"https:\/\/www.orgelvereinzw.ch\/index.php\/kontakt\/\" data-type=\"page\" data-id=\"51\">Kontaktformular<\/a><\/strong> ist n\u00f6tig, damit die Details (Zugang zur Orgel \/ Unkostenbeitrag f\u00fcr Drittpersonen \/ Terminabsprache) geregelt werden k\u00f6nnen.<\/p>\n\n\n\n<p>Der Orgelverein tr\u00e4gt die j\u00e4hrlichen Stimm- und Unterhaltskosten der Orgel und nimmt daf\u00fcr selbstverst\u00e4ndlich gerne jederzeit Spenden mit dem Vermerk \u00abUnterrichtsorgel\u00bb entgegen und stellt eine entsprechende Spendenbest\u00e4tigung aus.<\/p>\n\n\n\n<p><strong>Bankverbindung: Leihkasse Stammheim, 8477 Oberstammheim<\/strong><br><strong>IBAN: CH64 0687 5700 0292 1267 8<\/strong><br><strong>lautend auf: Orgelverein Z\u00fcrcher Weinland, 8477 Oberstammheim<\/strong><\/p>\n","protected":false},"excerpt":{"rendered":"<p>Eine Orgel f\u00fcr den Musikunterricht Es ist einer im Jahr 2004 durch den Orgelbauer Erwin Erni erbauten Hausorgel zu verdanken, dass der Orgelverein Z\u00fcrcher Weinland im Jahr 2018 gegr\u00fcndet wurde. Die Orgel war w\u00e4hrend einiger Jahre an verschiedenen Orten mietweise im Einsatz und da sie sich durch ihre 2-manualige Anlage als \u00e4usserst geeignet f\u00fcr den &#8230; <a title=\"Unterrichtsorgel\" class=\"read-more\" href=\"https:\/\/www.orgelvereinzw.ch\/index.php\/unterrichtsorgel\/\" aria-label=\"Read more about Unterrichtsorgel\">mehr lesen<\/a><\/p>\n","protected":false},"author":1,"featured_media":0,"parent":0,"menu_order":0,"comment_status":"closed","ping_status":"closed","template":"","meta":{"_coblocks_attr":"","_coblocks_dimensions":"","_coblocks_responsive_height":"","_coblocks_accordion_ie_support":"","footnotes":""},"class_list":["post-379","page","type-page","status-publish"],"_links":{"self":[{"href":"https:\/\/www.orgelvereinzw.ch\/index.php\/wp-json\/wp\/v2\/pages\/379","targetHints":{"allow":["GET"]}}],"collection":[{"href":"https:\/\/www.orgelvereinzw.ch\/index.php\/wp-json\/wp\/v2\/pages"}],"about":[{"href":"https:\/\/www.orgelvereinzw.ch\/index.php\/wp-json\/wp\/v2\/types\/page"}],"author":[{"embeddable":true,"href":"https:\/\/www.orgelvereinzw.ch\/index.php\/wp-json\/wp\/v2\/users\/1"}],"replies":[{"embeddable":true,"href":"https:\/\/www.orgelvereinzw.ch\/index.php\/wp-json\/wp\/v2\/comments?post=379"}],"version-history":[{"count":74,"href":"https:\/\/www.orgelvereinzw.ch\/index.php\/wp-json\/wp\/v2\/pages\/379\/revisions"}],"predecessor-version":[{"id":1573,"href":"https:\/\/www.orgelvereinzw.ch\/index.php\/wp-json\/wp\/v2\/pages\/379\/revisions\/1573"}],"wp:attachment":[{"href":"https:\/\/www.orgelvereinzw.ch\/index.php\/wp-json\/wp\/v2\/media?parent=379"}],"curies":[{"name":"wp","href":"https:\/\/api.w.org\/{rel}","templated":true}]}}